. Let a be u(2). Let k = -26 - -45. Let q = k + a. List the prime factors of q.
3, 7
Let u(p) = 55*p**2 + 3*p - 17. What are the prime factors of u(4)?
5, 7
Let o(k) = 0 - 2*k - 9*k + 2 + 3*k. What are the prime factors of o(-5)?
2, 3, 7
Let w = -191 - -802. List the prime factors of w.
13, 47
Suppose 0 = -3*u + 4*z + 37, -3*z + 5*z = -4*u + 20. Let v = u - 5. Suppose -64 = -0*f - v*f. List the prime factors of f.
2
Let y = -6 + 11. Let m = y + 12. Suppose -2*w + m + 21 = 0. List the prime factors of w.
19
Let l(a) = 3*a**2 - a - 1. Suppose -3*s + 7 = -4*n, -7*s + 2*s + 3 = 2*n. Let c be l(n). Suppose o = -c*o + 268. What are the prime factors of o?
67
Let w(j) = -22*j - 1. Let v be w(-1). Let z = -121 + 111. Let h = v + z. List the prime factors of h.
11
Suppose -2*u + 5*o + 0*o = 471, -5*u - o = 1164. Let h = u + 411. What are the prime factors of h?
2, 89
Suppose 3*l + 919 = 3*j + 2*l, 1545 = 5*j + 5*l. What are the prime factors of j?
307
Let o be 0/(2 + 0 + 0). Suppose 4*a - 2*s - 44 = o, -10 - 32 = -5*a - 4*s. Let p = -7 + a. What are the prime factors of p?
3
Let p = 5255 - 3292. List the prime factors of p.
13, 151
Let z = 1411 + -930. What are the prime factors of z?
13, 37
Suppose 5*z + 0*z = 5*p + 895, 0 = 3*p + 5*z + 497. Let a = p + 310. What are the prime factors of a?
2, 17
Let f be (2 - (14 + 3)) + -1. Let o be (-8)/f*(1 + -1). Suppose 2*w = -5*k + 74 + 116, -4*w - 20 = o. What are the prime factors of k?
2, 5
List the prime factors of 472 + (11 - (9 - 3)).
3, 53
List the prime factors of 120/(-18)*966/(-4).
2, 5, 7, 23
Let j = -16 + 25. Let d = -5 + j. Suppose -d*h - o + 28 = -89, 4*o - 33 = -h. What are the prime factors of h?
29
List the prime factors of (8 + -5)/(-3) + 293*1.
2, 73
Suppose -1194 = -6*i - 12. What are the prime factors of i?
197
Let z = 112 - 164. Suppose 5*v + v = 594. Let m = z + v. List the prime factors of m.
47
Let d(a) = a - 4. Let r be d(4). Let t be 38*(-8)/(-4) + r. Suppose 7*v - t = 3*v. List the prime factors of v.
19
Let f be 83 + 3 + -1 + -2. Suppose -10*j = -11*j + f. List the prime factors of j.
83
Let t = 25 + -61. Suppose -37*z = -34*z - 21. Let j = z - t. List the prime factors of j.
43
Let y be (2/(-1))/(1 + -2). Suppose -69 = -3*i - y*n, -2*n - 3*n = 15. List the prime factors of i.
5
Let t be 5 - (-857 + -4 - 0). Let a = t - 588. What are the prime factors of a?
2, 139
Suppose -12*p + 22306 = -21794. What are the prime factors of p?
3, 5, 7
Suppose -7*a - 15 = -12*a. Suppose -a*q = -0*q - 2*i - 97, 0 = 5*i + 10. List the prime factors of q.
31
Let r(y) = 2*y**3 + 2*y**2 - y. Let i be r(1). Suppose 0 = -q - i*q + 136. What are the prime factors of q?
2, 17
Let c be (48/18)/(4/6). Suppose -c - 8 = -3*y. What are the prime factors of 0 + 73 + (y - 3)?
2, 37
Suppose -1498*p + 59319 = -1485*p. List the prime factors of p.
3, 13
List the prime factors of -2 + 424 - (-56 - -60).
2, 11, 19
Let h(i) = -458*i - 755. List the prime factors of h(-8).
2909
Suppose -6617 = -8*z - 193. What are the prime factors of z?
11, 73
What are the prime factors of (-23274)/(-60) - (-3)/30?
2, 97
Let x(u) = -u**3 + 7*u**2 - 7*u + 9. Let o be x(6). Suppose 0 = -3*t + 5 + 10, j - 4*t = 53. Suppose o*m + j - 13 = 4*w, 0 = m - 4. List the prime factors of w.
2, 3
Let x(v) = -v**3 + 8. Let n be x(0). Let k be (4/n*0)/(-1). Suppose z - 22 = -3*b, -2*z + 3*b = -8 - k. List the prime factors of z.
2, 5
Let p be -5*(48/20 + -3). Suppose -p = -c - 1. List the prime factors of c.
2
Let r(c) = c**3 + 4*c**2 - 21*c - 16. Let d be r(-7). Let z(q) = -q**3 - 13*q**2 + 37*q - 12. What are the prime factors of z(d)?
2, 41
Suppose 2*y - 625 = v, -7*y + 3*v + 1565 = -2*y. Suppose 13*l - 2030 = y. List the prime factors of l.
2, 3, 5
Let b = 6 + -4. Suppose 5*i - q + 37 = -31, -10 = i - b*q. List the prime factors of (-48)/i*(-140)/(-8).
2, 3, 5
Let f(w) = w**3 - 11*w**2 - 53*w - 23. List the prime factors of f(16).
409
Suppose -5*m + 1797 = d, -23*d + 21*d = 5*m - 1799. List the prime factors of m.
359
Suppose 22 + 58 = 5*z + 5*w, 5*z - 3*w = 48. Let u = z + -17. Let c = 29 + u. List the prime factors of c.
2, 3
Suppose -10 = 5*z, t = -2*t - 4*z + 1195. List the prime factors of t.
401
Let b = 11205 + -5002. What are the prime factors of b?
6203
Let x = 1934 + 101. What are the prime factors of x?
5, 11, 37
Suppose 2*a = u - 6*u + 2, 2 = -3*u + 2*a. Let z(w) = -w + 87. List the prime factors of z(u).
3, 29
Let m(q) = -3*q - 6. Let z be (3 - 0 - -3) + -1. Let i be m(z). List the prime factors of (-182)/(-6) + (-14)/i.
31
Let z(o) = o + 21. Suppose -3*x - 4*l + 64 = 0, -21 + 1 = -x - l. List the prime factors of z(x).
37
Suppose 471 = q - 3*k, -q - 1423 = -4*q + 4*k. What are the prime factors of q?
3, 53
Let v(g) = 59*g**2 - 32*g + 127. What are the prime factors of v(4)?
23, 41
Suppose 12 = 3*u + 4*s, 2*u - 7 = -2*s - s. Suppose 9*z = u*z + 23. Suppose 159 = 26*j - z*j. What are the prime factors of j?
53
Let h = 694 + -260. What are the prime factors of h?
2, 7, 31
Let y = 31 - 22. Suppose -356 = y*p - 11*p. List the prime factors of p.
2, 89
Suppose -6 = -t - 10, 2*t - 3445 = -3*z. What are the prime factors of z?
1151
Let a(q) = -2*q**3 + 2*q**2 + 5*q + 2. Suppose -14*l = 74 - 32. What are the prime factors of a(l)?
59
Let o(s) = -13*s**3 + 2*s**2 + 2*s - 2. Let p be o(-2). Suppose -p*i + 101*i = -215. What are the prime factors of i?
43
Suppose 18 = -2*a + 11*a. Suppose 0 = -3*c - a*c + 185. Let g = 9 + c. List the prime factors of g.
2, 23
Let i(s) = 5 + 2*s**2 - 4 - s**2. Let c be i(1). Suppose -28 = -c*u + 58. List the prime factors of u.
43
Suppose 11*m - 34 = 8*m - 5*j, 0 = 4*m - 4*j + 8. Let x = 12 - 7. Suppose -m*w + 7*w = -4*u + 212, 0 = -2*u - x*w + 115. List the prime factors of u.
2, 5
Let i = 1115 + -647. What are the prime factors of i?
2, 3, 13
What are the prime factors of (6/2)/(33/77) - -2262?
2269
Let w(b) be the second derivative of b**3/6 + 7*b**2/2 + 6*b. Let k be w(-3). List the prime factors of (-2)/k - 43/(-2).
3, 7
Let s = 62 - 11. Suppose -3*d - s + 237 = 0. List the prime factors of d.
2, 31
Let l = 236 - 33. Let i = l - 136. List the prime factors of i.
67
Let h = -3 - 3. Suppose -6*l + 4*d - 8 = -3*l, -2*l = 3*d - 23. Let q = l - h. List the prime factors of q.
2, 5
What are the prime factors of 4*317 - (-105 - -107)?
2, 3, 211
Suppose 3*j = 2*c + 15, c + 2*c = -j - 6. Suppose q - 4*z = -2*q + 191, -15 = j*z. What are the prime factors of q?
3, 19
Suppose -23*y = -17*y - 528. Let g = -17 + y. What are the prime factors of g?
71
Let k(j) = -j**3 - 8*j**2 - 2*j - 12. Let s be k(-8). List the prime factors of (-6)/24 + 129/s.
2
Suppose h - 4 = -1, 2*t + 11 = 5*h. Let g = t - 6. Let n(j) = -j**2 - 6*j + 1. List the prime factors of n(g).
3
Let j(r) = -40*r + 3. Let l be j(-4). Let p = l + -91. Suppose -x = -5*x + p. List the prime factors of x.
2, 3
Let j(l) = -l**3 - 52 - l + 179*l**2 + 0*l - 180*l**2. Let d be j(0). What are the prime factors of (-2436)/d + (-2)/(-13)?
47
Suppose 5*y - 1735 = -l, 10*y - l + 691 = 12*y. What are the prime factors of y?
2, 3, 29
Suppose -7061 = -3*o - 0*o + 4*q, 7026 = 3*o + 3*q. List the prime factors of o.
2347
Let o(y) = y**2 - 10*y + 125. What are the prime factors of o(15)?
2, 5
Let t = -4576 + 10208. List the prime factors of t.
2, 11
Suppose -5*i + 2*i = -4*r - 4074, -6773 = -5*i + r. List the prime factors of i.
2, 677
Suppose -8*f = -6*f. Let n(u) = u**3 - 2*u**2 + 3*u - 1. Let i be n(2). Suppose i*y = -5*o - 0*o + 120, f = -3*y + 4*o + 65. List the prime factors of y.
23
Suppose -5*s - 10*s = -4050. List the prime factors of s.
2, 3, 5
Suppose 4*z + 4 = 0, z - 4*z - 2751 = -4*t. What are the prime factors of t?
3, 229
Suppose -3*q + 4*j = 12 - 4, 5*q + 5*j = 45. Let o(k) = -q + 0 - k + 4*k. What are the prime factors of o(5)?
11
Let h be (-6 - -2)*(-35)/10. Let c(a) = -a**2 + 17*a - 20. Let z be c(h). Let r = z + 27. List the prime factors of r.
7
Let n(o) = o**3 - 43*o**2 - 139*o + 93. List the prime factors of n(47).
2, 599
Let p = -136 + 772. List the prime factors of p.
2, 3, 53
Let f = -2 - 2. Let d = -1 + f. Let p = d - -13. What are the prime factors of p?
2
Let a be (-29 - -27) + 5 + 0. Suppose -x + 817 = a*v + 4*x, -3*v - 4*x + 821 = 0. What are t